{"id":28,"date":"2019-02-11T11:15:38","date_gmt":"2019-02-11T10:15:38","guid":{"rendered":"http:\/\/gers160.fr\/?page_id=28"},"modified":"2019-11-23T14:56:08","modified_gmt":"2019-11-23T13:56:08","slug":"recettes-a-decouvrir","status":"publish","type":"page","link":"https:\/\/gers160.fr\/?page_id=28","title":{"rendered":"Ateliers"},"content":{"rendered":"\n<figure class=\"wp-block-image size-large\"><img loading=\"lazy\" decoding=\"async\" width=\"1024\" height=\"768\" src=\"https:\/\/gers160.fr\/wp-content\/uploads\/2019\/11\/IMG_4573-1024x768.jpg\" alt=\"\" class=\"wp-image-1392\"\/><\/figure>\n\n\n\n<p>Contacter l&rsquo;<a href=\"mailto:berracvillagegersois@gmail.com\">association Berrac village<\/a> gersois pour plus d&rsquo;informations. <\/p>\n\n\n\n<p><\/p>\n\n\n\n<p>Les rencontres pour inciter \u00e0 porter un autre regard sur le plantes des chemin sont nombreuses. Elles se d\u00e9roulent sous la forme de <em><strong>Journ\u00e9e<\/strong><\/em> ou de <strong><em>Stage<\/em> <\/strong>\u00e0 Berrac, dans la halle de f\u00eates ou \u00e0 proximit\u00e9, pr\u00e9c\u00e9d\u00e9es pour la plupart  par une petite exp\u00e9dition \u00e0 pied au proche chemin du Turon.<\/p>\n\n\n\n<ul class=\"wp-block-list\"><li><a href=\"https:\/\/gers160.fr\/?p=55\">La journ\u00e9e des peintres \u00e0 Berrac, le 2 juin 2019 <\/a><\/li><\/ul>\n\n\n\n<ul class=\"wp-block-list\"><li><a href=\"https:\/\/gers160.fr\/?p=57\">La journ\u00e9e Tataki zom\u00e9 avec Sandrine de Borman 6 ao\u00fbt 2019 <\/a><\/li><\/ul>\n\n\n\n<p>Vous pouvez trouver <strong>les vid\u00e9os<\/strong>, petits films regroup\u00e9s <a href=\"https:\/\/gers160.fr\/?page_id=512\">ici <\/a>dans la rubrique <em><strong>Stages<\/strong><\/em> class\u00e9s par ordre de cr\u00e9ation durant l&rsquo;ann\u00e9e 2019. A vous d&rsquo;explorer ce petit catalogue ! <\/p>\n\n\n\n<p><em>Si vous les pr\u00e9sentez en vid\u00e9o-projection sous la forme de mur d&rsquo;images, n&rsquo;omettez pas de r\u00e9gler l&rsquo;onglet \u00ab\u00a0son\u00a0\u00bb avant de visionner les films simultan\u00e9ment. Une vignette comprenant la premi\u00e8re image et le bouton de lecture sont le signe que le film est t\u00e9l\u00e9charg\u00e9. Il faut attendre un peu\u2026 et sans changer de page !<\/em><\/p>\n\n\n\n<p><\/p>\n","protected":false},"excerpt":{"rendered":"<p>Contacter l&rsquo;association Berrac village gersois pour plus d&rsquo;informations. Les rencontres pour inciter \u00e0 porter un autre regard sur le plantes des chemin sont nombreuses. Elles se d\u00e9roulent sous la forme de Journ\u00e9e ou de Stage \u00e0 Berrac, dans la halle de f\u00eates ou \u00e0 proximit\u00e9, pr\u00e9c\u00e9d\u00e9es pour la plupart par une petite exp\u00e9dition \u00e0 pied [&hellip;]<\/p>\n","protected":false},"author":1,"featured_media":0,"parent":0,"menu_order":0,"comment_status":"closed","ping_status":"closed","template":"","meta":{"ngg_post_thumbnail":0,"footnotes":""},"class_list":["post-28","page","type-page","status-publish","hentry"],"_links":{"self":[{"href":"https:\/\/gers160.fr\/index.php?rest_route=\/wp\/v2\/pages\/28"}],"collection":[{"href":"https:\/\/gers160.fr\/index.php?rest_route=\/wp\/v2\/pages"}],"about":[{"href":"https:\/\/gers160.fr\/index.php?rest_route=\/wp\/v2\/types\/page"}],"author":[{"embeddable":true,"href":"https:\/\/gers160.fr\/index.php?rest_route=\/wp\/v2\/users\/1"}],"replies":[{"embeddable":true,"href":"https:\/\/gers160.fr\/index.php?rest_route=%2Fwp%2Fv2%2Fcomments&post=28"}],"version-history":[{"count":31,"href":"https:\/\/gers160.fr\/index.php?rest_route=\/wp\/v2\/pages\/28\/revisions"}],"predecessor-version":[{"id":1454,"href":"https:\/\/gers160.fr\/index.php?rest_route=\/wp\/v2\/pages\/28\/revisions\/1454"}],"wp:attachment":[{"href":"https:\/\/gers160.fr\/index.php?rest_route=%2Fwp%2Fv2%2Fmedia&parent=28"}],"curies":[{"name":"wp","href":"https:\/\/api.w.org\/{rel}","templated":true}]}}